/* 导出时间：2021-09-14 09:17:16 */


/* 导出业务对象：VyRvQmJO 相关数据 */

/* 源实体数据删除 */
delete from `business_group` where id='dsamRGNB';
delete from `business` where id='VyRvQmJO';
delete from `business_operation` where business_id='VyRvQmJO';
delete from `business_component` where business_id='VyRvQmJO';
delete from `business_entity` where business_id='VyRvQmJO';
delete from `business_event` where business_id='VyRvQmJO';
delete from `business_field` where business_id='VyRvQmJO';
delete from `business_page` where business_id='VyRvQmJO';
delete from `business_plugin` where business_id='VyRvQmJO';
delete from `business_table` where business_id='VyRvQmJO';
delete from `business_page_solution` where page_id in('00000000');
delete from `system_perm` where business_id='VyRvQmJO';
delete from `business_index` where `table` in ('business_import_setting');


/* 源实体表数据 */
insert into `business_group`(`id`,`no`,`name`,`parent_id`,`remark`) values
('dsamRGNB','business','业务对象',null,'')
;

insert into `business`(`id`,`no`,`name`,`type`,`group_id`,`created_at`,`created_by`,`updated_at`,`updated_by`,`is_extend`,`object`,`dependent_business`,`sort_order`,`is_preset`) values
('VyRvQmJO','business_import_setting','数据导入设置','FORM','dsamRGNB','1630481151','1','1630481151','1','1','business\\BusinessImportSetting',null,'65','0')
;

insert into `business_operation`(`id`,`app_id`,`business_id`,`no`,`route`,`name`,`is_preset`) values
('BAZYck6p','2','VyRvQmJO','disable','business/instance/form/operation/disable','禁用','1')
                                                                                                   ,('DI5yLtyQ','2','VyRvQmJO','export','business/instance/form/operation/export','导出','1')
                                                                                                   ,('FJ4P0ljo','1','VyRvQmJO','invalid','business/instance/form/operation/invalid','作废','1')
                                                                                                   ,('G7aGqfDd','2','VyRvQmJO','find-one','business/instance/form/operation/find-one','详情','1')
                                                                                                   ,('GJRmiDsJ','2','VyRvQmJO','create','business/instance/form/operation/create','创建','1')
                                                                                                   ,('LHGgLGU1','2','VyRvQmJO','import','business/instance/form/operation/import','导入','1')
                                                                                                   ,('MACx3ir8','1','VyRvQmJO','find-one','business/instance/form/operation/find-one','详情','1')
                                                                                                   ,('NQtDR1l2','1','VyRvQmJO','disable','business/instance/form/operation/disable','禁用','1')
                                                                                                   ,('Vf1fxZMx','2','VyRvQmJO','delete','business/instance/form/operation/delete','删除','1')
                                                                                                   ,('VkfgmlY0','2','VyRvQmJO','enable','business/instance/form/operation/enable','启用','1')
                                                                                                   ,('XULsDUsK','1','VyRvQmJO','update','business/instance/form/operation/update','更新','1')
                                                                                                   ,('cKogcFOD','1','VyRvQmJO','enable','business/instance/form/operation/enable','启用','1')
                                                                                                   ,('cMn4ZY6p','2','VyRvQmJO','search','business/instance/form/operation/search','搜索','1')
                                                                                                   ,('dXiPWkNo','1','VyRvQmJO','copy','business/instance/form/operation/copy','复制','1')
                                                                                                   ,('e4B0Kd65','1','VyRvQmJO','delete','business/instance/form/operation/delete','删除','1')
                                                                                                   ,('iJcJaUrj','1','VyRvQmJO','import','business/instance/form/operation/import','导入','1')
                                                                                                   ,('kXFnyUY3','1','VyRvQmJO','create','business/instance/form/operation/create','创建','1')
                                                                                                   ,('koqk98TM','2','VyRvQmJO','invalid','business/instance/form/operation/invalid','作废','1')
                                                                                                   ,('n99Sr0bH','1','VyRvQmJO','export','business/instance/form/operation/export','导出','1')
                                                                                                   ,('pUVnXQnV','2','VyRvQmJO','copy','business/instance/form/operation/copy','复制','1')
                                                                                                   ,('ttoJbxQR','2','VyRvQmJO','update','business/instance/form/operation/update','更新','1')
                                                                                                   ,('uzfrjAFs','1','VyRvQmJO','search','business/instance/form/operation/search','搜索','1')
;

/* 表business_component 不存在数据，跳过 */


insert into `business_entity`(`id`,`no`,`business_id`,`parent_entity_id`,`name`,`type`,`is_preset`,`form_component_id`,`meta_profile`,`updated_at`,`created_at`,`sort_order`) values
('IbAeHmdH','created_by','VyRvQmJO','ZAkM3Fpp','创建人','SystemUser','1','0','{\"relationQuery\":{\"parser\":\"FieldJoinTable\",\"source\":\"business_import_setting\",\"sourceField\":\"created_by\",\"target\":\"system_user_profile\",\"targetField\":\"user_id\",\"targetDisplayField\":\"realname\"}}','1630481152','1630481152','3')
                                                                                                                                                                                   ,('JRVV8BTc','created_at','VyRvQmJO','ZAkM3Fpp','创建日期','Date','1','0','{}','1630481152','1630481152','4')
                                                                                                                                                                                   ,('KKh2vOee','id','VyRvQmJO','ZAkM3Fpp','主键','Integer','1','0','{}','1630481152','1630481152','10002')
                                                                                                                                                                                   ,('NwZp5ErD','updated_by','VyRvQmJO','ZAkM3Fpp','更新人','SystemUser','1','0','{\"relationQuery\":{\"parser\":\"FieldJoinTable\",\"source\":\"business_import_setting\",\"sourceField\":\"updated_by\",\"target\":\"system_user_profile\",\"targetField\":\"user_id\",\"targetDisplayField\":\"realname\"}}','1630481152','1630481152','1')
                                                                                                                                                                                   ,('VPz78Qvs','data','VyRvQmJO','ZAkM3Fpp','配置','MultiText','0','0','{}','1630481342','1630481342','9998')
                                                                                                                                                                                   ,('Y7Qvjd7X','updated_at','VyRvQmJO','ZAkM3Fpp','更新日期','Date','1','0','{}','1630481152','1630481152','2')
                                                                                                                                                                                   ,('YL8HYTm9','business_id','VyRvQmJO','ZAkM3Fpp','业务对象','RelationBusiness','0','0','{\"relationQuery\":{\"parser\":\"FieldJoinTable\",\"source\":\"business_import_setting\",\"sourceField\":\"business_id\",\"target\":\"business\",\"targetBusinessId\":\"mx2Vivbr\",\"targetField\":\"id\",\"targetDisplayField\":\"name\"}}','1630481292','1630481292','9999')
                                                                                                                                                                                   ,('ZAkM3Fpp','business_import_setting','VyRvQmJO','0\0\0\0\0\0\0\0','数据导入设置','MainEntity','0','0','{\"extendInfo\":{\"parser\":\"EntityExtendInfo\",\"table\":\"business_import_setting\",\"paimaryField\":\"id\",\"displayFields\":[\"name\"],\"displayFieldsSeparator\":\"-\"}}','1630481151','1630481151','10000')
                                                                                                                                                                                   ,('th9XfH1i','data_status','VyRvQmJO','ZAkM3Fpp','数据状态','Enum','1','0','{\"statusLabelEnum\":{\"parser\":\"StatusLabelEnum\",\"source\":\"business_import_setting\",\"sourceField\":\"data_status\",\"data\":[{\"value\":0,\"text\":\"失效\",\"statusIcon\":\"DISABLE\"},{\"value\":1,\"text\":\"暂存\",\"statusIcon\":\"PAUSE\"},{\"value\":2,\"text\":\"生效\",\"statusIcon\":\"ENABLE\"}]}}','1630481152','1630481152','10001')
;

/* 表business_event 不存在数据，跳过 */


insert into `business_field`(`id`,`form_entity_id`,`table`,`business_id`,`field`,`name`,`is_required`,`type`,`length`,`is_unsigned`,`default`,`comment`,`zero_fill`,`is_build`,`build_at`,`update_build_at`,`created_at`,`updated_at`,`sort_order`) values
('MNOdxztN','IbAeHmdH','business_import_setting','VyRvQmJO','created_by','创建人','1','int','11',null,'0','system preset field','0','1','1630481152','1630481393','1630481152','1630481393','3')
                                                                                                                                                                                                                                                         ,('T7hzkCLf','Y7Qvjd7X','business_import_setting','VyRvQmJO','updated_at','更新日期','0','int','11',null,'0','system preset field','0','1','1630481152','1630481393','1630481152','1630481393','2')
                                                                                                                                                                                                                                                         ,('TdyderRV','YL8HYTm9','business_import_setting','VyRvQmJO','business_id','业务对象','1','binary','11','0','','业务对象','0','1','1630481292','1630481393','1630481292','1630481393','9999')
                                                                                                                                                                                                                                                         ,('cok1QSSD','KKh2vOee','business_import_setting','VyRvQmJO','id','主键','1','int','11',null,'AUTO_INCREMENT','system preset field','0','1','1630481152','1630481393','1630481152','1630481393','10002')
                                                                                                                                                                                                                                                         ,('tgPLKgqP','VPz78Qvs','business_import_setting','VyRvQmJO','data','配置','1','longtext','','0','','配置','0','1','1630481342','1630481393','1630481342','1630481393','9998')
                                                                                                                                                                                                                                                         ,('w4JdfHld','th9XfH1i','business_import_setting','VyRvQmJO','data_status','数据状态','1','int','11',null,'2','system preset field','0','1','1630481152','1630481393','1630481152','1630481393','10001')
                                                                                                                                                                                                                                                         ,('wNCsZOIg','NwZp5ErD','business_import_setting','VyRvQmJO','updated_by','更新人','0','int','11',null,'0','system preset field','0','1','1630481152','1630481393','1630481152','1630481393','1')
                                                                                                                                                                                                                                                         ,('zU079ZDg','JRVV8BTc','business_import_setting','VyRvQmJO','created_at','创建日期','0','int','11',null,'0','system preset field','0','1','1630481152','1630481393','1630481152','1630481393','4')
;

/* 表business_page 不存在数据，跳过 */


/* 表business_plugin 不存在数据，跳过 */


insert into `business_table`(`table`,`form_entity_id`,`business_id`,`engine`,`charset`,`collate`,`is_build`,`build_at`,`update_build_at`,`created_at`,`updated_at`,`is_required`,`sort_order`) values
('business_import_setting','ZAkM3Fpp','VyRvQmJO','InnoDB','utf8','utf8_general_ci','1','1630481153','1630481394','1630481152','1630481394','1','10000')
;

/* 表business_page_solution 不存在数据，跳过 */


insert into `system_perm`(`id`,`name`,`app_id`,`business_id`,`operation_id`,`route`,`sort_order`,`created_at`,`updated_at`) values
('4190','创建','1','VyRvQmJO','kXFnyUY3','business/instance/form/operation/create','0','1630481152','1630481152')
                                                                                                                                 ,('4191','创建','2','VyRvQmJO','GJRmiDsJ','business/instance/form/operation/create','0','1630481152','1630481152')
                                                                                                                                 ,('4192','删除','1','VyRvQmJO','e4B0Kd65','business/instance/form/operation/delete','0','1630481152','1630481152')
                                                                                                                                 ,('4193','删除','2','VyRvQmJO','Vf1fxZMx','business/instance/form/operation/delete','0','1630481152','1630481152')
                                                                                                                                 ,('4194','更新','1','VyRvQmJO','XULsDUsK','business/instance/form/operation/update','0','1630481152','1630481152')
                                                                                                                                 ,('4195','更新','2','VyRvQmJO','ttoJbxQR','business/instance/form/operation/update','0','1630481152','1630481152')
                                                                                                                                 ,('4196','启用','1','VyRvQmJO','cKogcFOD','business/instance/form/operation/enable','0','1630481152','1630481152')
                                                                                                                                 ,('4197','启用','2','VyRvQmJO','VkfgmlY0','business/instance/form/operation/enable','0','1630481152','1630481152')
                                                                                                                                 ,('4198','禁用','1','VyRvQmJO','NQtDR1l2','business/instance/form/operation/disable','0','1630481152','1630481152')
                                                                                                                                 ,('4199','禁用','2','VyRvQmJO','BAZYck6p','business/instance/form/operation/disable','0','1630481152','1630481152')
                                                                                                                                 ,('4200','作废','1','VyRvQmJO','FJ4P0ljo','business/instance/form/operation/invalid','0','1630481152','1630481152')
                                                                                                                                 ,('4201','作废','2','VyRvQmJO','koqk98TM','business/instance/form/operation/invalid','0','1630481152','1630481152')
                                                                                                                                 ,('4202','导出','1','VyRvQmJO','n99Sr0bH','business/instance/form/operation/export','0','1630481152','1630481152')
                                                                                                                                 ,('4203','导出','2','VyRvQmJO','DI5yLtyQ','business/instance/form/operation/export','0','1630481152','1630481152')
                                                                                                                                 ,('4204','导入','1','VyRvQmJO','iJcJaUrj','business/instance/form/operation/import','0','1630481152','1630481152')
                                                                                                                                 ,('4205','导入','2','VyRvQmJO','LHGgLGU1','business/instance/form/operation/import','0','1630481152','1630481152')
                                                                                                                                 ,('4206','详情','1','VyRvQmJO','MACx3ir8','business/instance/form/operation/find-one','0','1630481152','1630481152')
                                                                                                                                 ,('4207','详情','2','VyRvQmJO','G7aGqfDd','business/instance/form/operation/find-one','0','1630481152','1630481152')
                                                                                                                                 ,('4208','搜索','1','VyRvQmJO','uzfrjAFs','business/instance/form/operation/search','0','1630481152','1630481152')
                                                                                                                                 ,('4209','搜索','2','VyRvQmJO','cMn4ZY6p','business/instance/form/operation/search','0','1630481152','1630481152')
                                                                                                                                 ,('4210','复制','1','VyRvQmJO','dXiPWkNo','business/instance/form/operation/copy','0','1630481152','1630481152')
                                                                                                                                 ,('4211','复制','2','VyRvQmJO','pUVnXQnV','business/instance/form/operation/copy','0','1630481152','1630481152')
;

insert into `business_index`(`id`,`form_entity_id`,`table`,`name`,`field`,`type`) values
('ZzHC4GDC','ZAkM3Fpp','business_import_setting','PRIMARY','`id`','PRIMARY')
;



/* 业务对象的相关菜单 */



/* 业务对象数据表结构清除 */
/* DROP TABLE IF EXISTS `business_import_setting`; */


/* 业务对象数据表结构 */
CREATE TABLE `business_import_setting` (
                                           `id` int(11) NOT NULL AUTO_INCREMENT COMMENT 'system preset field',
                                           `data_status` int(11) NOT NULL DEFAULT '2' COMMENT 'system preset field',
                                           `business_id` binary(8) DEFAULT NULL COMMENT '业务对象',
                                           `data` longtext COMMENT '配置',
                                           `created_at` int(11) DEFAULT '0' COMMENT 'system preset field',
                                           `created_by` int(11) NOT NULL DEFAULT '0' COMMENT 'system preset field',
                                           `updated_at` int(11) DEFAULT '0' COMMENT 'system preset field',
                                           `updated_by` int(11) DEFAULT '0' COMMENT 'system preset field',
                                           PRIMARY KEY (`id`)
) ENGINE=InnoDB AUTO_INCREMENT=14 DEFAULT CHARSET=utf8 COMMENT='数据导入设置';




/* START 业务对象数据表数据，不需要可删除 */
insert into `business_import_setting`(`id`,`data_status`,`business_id`,`data`,`created_at`,`created_by`,`updated_at`,`updated_by`) values
('13','1','SjuIRxda','{\"type\":1,\"template\":[{\"key\":\"catalog\",\"name\":\"商品\",\"required\":true,\"type\":\"MainEntity\",\"fields\":[{\"key\":\"id\",\"name\":\"主键\",\"required\":true,\"type\":\"Integer\",\"meta_profile\":\"\"},{\"key\":\"data_status\",\"name\":\"数据状态\",\"required\":true,\"type\":\"Enum\",\"meta_profile\":\"\"},{\"key\":\"name\",\"name\":\"名称\",\"required\":true,\"type\":\"Text\",\"meta_profile\":\"\"},{\"key\":\"describe\",\"name\":\"描述\",\"required\":false,\"type\":\"RichText\",\"meta_profile\":\"\"},{\"key\":\"type\",\"name\":\"商品类型\",\"required\":true,\"type\":\"Enum\",\"meta_profile\":\"\"},{\"key\":\"weight\",\"name\":\"重量\",\"required\":false,\"type\":\"Integer\",\"meta_profile\":\"\"},{\"key\":\"price\",\"name\":\"价格\",\"required\":true,\"type\":\"Decimal\",\"meta_profile\":\"\"},{\"key\":\"market_price\",\"name\":\"市场价\",\"required\":true,\"type\":\"Decimal\",\"meta_profile\":\"\"},{\"key\":\"is_on_sale\",\"name\":\"是否上架\",\"required\":true,\"type\":\"Boolean\",\"meta_profile\":\"\"},{\"key\":\"on_sale_at\",\"name\":\"上架时间\",\"required\":true,\"type\":\"Datetime\",\"meta_profile\":\"\"},{\"key\":\"published_at\",\"name\":\"发布日期\",\"required\":true,\"type\":\"Date\",\"meta_profile\":\"\"},{\"key\":\"publish_time_at\",\"name\":\"发布时间\",\"required\":true,\"type\":\"Time\",\"meta_profile\":\"\"},{\"key\":\"media_id\",\"name\":\"商品主图\",\"required\":true,\"type\":\"Media\",\"meta_profile\":\"\"},{\"key\":\"ad_words\",\"name\":\"广告词\",\"required\":false,\"type\":\"MultiText\",\"meta_profile\":\"\"},{\"key\":\"assist_item_id\",\"name\":\"所属行业\",\"required\":false,\"type\":\"RelationAssist\",\"meta_profile\":\"\"},{\"key\":\"assist_item_id#name\",\"name\":\"所属行业#name\",\"required\":false,\"type\":\"Text\"},{\"key\":\"source_user_id\",\"name\":\"来源人\",\"required\":true,\"type\":\"SystemUser\",\"meta_profile\":\"\"},{\"key\":\"source_user_id#nickname\",\"name\":\"来源人#nickname\",\"required\":false,\"type\":\"Text\"},{\"key\":\"source_department_id\",\"name\":\"来源部门\",\"required\":true,\"type\":\"CorpDepartment\",\"meta_profile\":\"\"},{\"key\":\"source_department_id#name\",\"name\":\"来源部门#name\",\"required\":false,\"type\":\"Text\"},{\"key\":\"no\",\"name\":\"自动生成的编码\",\"required\":false,\"type\":\"Text\",\"meta_profile\":\"\"},{\"key\":\"project_id\",\"name\":\"项目ID\",\"required\":false,\"type\":\"RelationBusiness\",\"meta_profile\":\"\"},{\"key\":\"project_id#name\",\"name\":\"项目ID#name\",\"required\":false,\"type\":\"Text\"},{\"key\":\"created_at\",\"name\":\"创建日期\",\"required\":false,\"type\":\"Date\",\"meta_profile\":\"\"},{\"key\":\"created_by\",\"name\":\"创建人\",\"required\":true,\"type\":\"SystemUser\",\"meta_profile\":\"\"},{\"key\":\"created_by#realname\",\"name\":\"创建人#realname\",\"required\":false,\"type\":\"Text\"},{\"key\":\"updated_at\",\"name\":\"更新日期\",\"required\":false,\"type\":\"Date\",\"meta_profile\":\"\"},{\"key\":\"updated_by\",\"name\":\"更新人\",\"required\":false,\"type\":\"SystemUser\",\"meta_profile\":\"\"},{\"key\":\"updated_by#realname\",\"name\":\"更新人#realname\",\"required\":false,\"type\":\"Text\"}]},{\"key\":\"catalog_extend\",\"name\":\"商品信息扩展\",\"required\":0,\"type\":\"Subtable\",\"fields\":[{\"key\":\"parent_id\",\"name\":\"主键\",\"required\":true,\"type\":\"Integer\",\"meta_profile\":\"\"},{\"key\":\"description1\",\"name\":\"描述1\",\"required\":false,\"type\":\"RichText\",\"meta_profile\":\"\"}]},{\"key\":\"catalog_project\",\"name\":\"关联项目\",\"required\":0,\"type\":\"MultiRelationBusiness\",\"fields\":[{\"key\":\"id\",\"name\":\"分录主键\",\"required\":true,\"type\":\"Integer\",\"meta_profile\":\"\"},{\"key\":\"parent_id\",\"name\":\"主表主键\",\"required\":true,\"type\":\"Integer\",\"meta_profile\":\"\"},{\"key\":\"seq\",\"name\":\"分录序号\",\"required\":true,\"type\":\"Integer\",\"meta_profile\":\"\"},{\"key\":\"object_id\",\"name\":\"业务对象\",\"required\":true,\"type\":\"RelationBusiness\",\"meta_profile\":\"\"},{\"key\":\"object_id#name\",\"name\":\"业务对象#name\",\"required\":false,\"type\":\"Text\"}]},{\"key\":\"catalog_sku\",\"name\":\"规格列表\",\"required\":0,\"type\":\"Entry\",\"fields\":[{\"key\":\"id\",\"name\":\"分录主键\",\"required\":true,\"type\":\"Integer\",\"meta_profile\":\"\"},{\"key\":\"parent_id\",\"name\":\"主表主键\",\"required\":true,\"type\":\"Integer\",\"meta_profile\":\"\"},{\"key\":\"seq\",\"name\":\"分录序号\",\"required\":true,\"type\":\"Integer\",\"meta_profile\":\"\"},{\"key\":\"name\",\"name\":\"sku名称\",\"required\":true,\"type\":\"Text\",\"meta_profile\":\"\"},{\"key\":\"price\",\"name\":\"价格\",\"required\":true,\"type\":\"Float\",\"meta_profile\":\"\"},{\"key\":\"stock\",\"name\":\"库存\",\"required\":true,\"type\":\"Integer\",\"meta_profile\":\"\"},{\"key\":\"media_id\",\"name\":\"缩略图\",\"required\":false,\"type\":\"Media\",\"meta_profile\":\"\"},{\"key\":\"barcode\",\"name\":\"货号\",\"required\":true,\"type\":\"Text\",\"meta_profile\":\"\"},{\"key\":\"assist_item_id\",\"name\":\"所属行业\",\"required\":false,\"type\":\"RelationAssist\",\"meta_profile\":\"\"},{\"key\":\"assist_item_id#name\",\"name\":\"所属行业#name\",\"required\":false,\"type\":\"Text\"}]},{\"key\":\"catalog_department\",\"name\":\"多选参加的部门\",\"required\":0,\"type\":\"MultiCorpDepartment\",\"fields\":[{\"key\":\"id\",\"name\":\"分录主键\",\"required\":true,\"type\":\"Integer\",\"meta_profile\":\"\"},{\"key\":\"parent_id\",\"name\":\"主表主键\",\"required\":true,\"type\":\"Integer\",\"meta_profile\":\"\"},{\"key\":\"seq\",\"name\":\"分录序号\",\"required\":true,\"type\":\"Integer\",\"meta_profile\":\"\"},{\"key\":\"department_id\",\"name\":\"部门\",\"required\":true,\"type\":\"CorpDepartment\",\"meta_profile\":\"\"},{\"key\":\"department_id#name\",\"name\":\"部门#name\",\"required\":false,\"type\":\"Text\"}]},{\"key\":\"catalog_user\",\"name\":\"多选参加的用户\",\"required\":0,\"type\":\"MultiSystemUser\",\"fields\":[{\"key\":\"id\",\"name\":\"分录主键\",\"required\":true,\"type\":\"Integer\",\"meta_profile\":\"\"},{\"key\":\"parent_id\",\"name\":\"主表主键\",\"required\":true,\"type\":\"Integer\",\"meta_profile\":\"\"},{\"key\":\"seq\",\"name\":\"分录序号\",\"required\":true,\"type\":\"Integer\",\"meta_profile\":\"\"},{\"key\":\"user_id\",\"name\":\"用户\",\"required\":true,\"type\":\"SystemUser\",\"meta_profile\":\"\"},{\"key\":\"user_id#realname\",\"name\":\"用户#realname\",\"required\":false,\"type\":\"Text\"}]},{\"key\":\"catalog_question\",\"name\":\"多选问题性质\",\"required\":0,\"type\":\"MultiRelationAssist\",\"fields\":[{\"key\":\"id\",\"name\":\"分录主键\",\"required\":true,\"type\":\"Integer\",\"meta_profile\":\"\"},{\"key\":\"parent_id\",\"name\":\"主表主键\",\"required\":true,\"type\":\"Integer\",\"meta_profile\":\"\"},{\"key\":\"seq\",\"name\":\"分录序号\",\"required\":true,\"type\":\"Integer\",\"meta_profile\":\"\"},{\"key\":\"assist_item_id\",\"name\":\"产品问题性质\",\"required\":true,\"type\":\"RelationAssist\",\"meta_profile\":\"\"},{\"key\":\"assist_item_id#name\",\"name\":\"产品问题性质#name\",\"required\":false,\"type\":\"Text\"}]},{\"key\":\"catalog_media_cert\",\"name\":\"商品附件\",\"required\":0,\"type\":\"MultiMedia\",\"fields\":[{\"key\":\"id\",\"name\":\"分录主键\",\"required\":true,\"type\":\"Integer\",\"meta_profile\":\"\"},{\"key\":\"parent_id\",\"name\":\"主表主键\",\"required\":true,\"type\":\"Integer\",\"meta_profile\":\"\"},{\"key\":\"seq\",\"name\":\"分录序号\",\"required\":true,\"type\":\"Integer\",\"meta_profile\":\"\"},{\"key\":\"media_id\",\"name\":\"附件\",\"required\":true,\"type\":\"Media\",\"meta_profile\":\"\"}]},{\"key\":\"catalog_media\",\"name\":\"商品图片\",\"required\":0,\"type\":\"MultiMedia\",\"fields\":[{\"key\":\"id\",\"name\":\"分录主键\",\"required\":true,\"type\":\"Integer\",\"meta_profile\":\"\"},{\"key\":\"parent_id\",\"name\":\"主表主键\",\"required\":true,\"type\":\"Integer\",\"meta_profile\":\"\"},{\"key\":\"seq\",\"name\":\"分录序号\",\"required\":true,\"type\":\"Integer\",\"meta_profile\":\"\"},{\"key\":\"media_id\",\"name\":\"附件\",\"required\":true,\"type\":\"Media\",\"meta_profile\":\"\"}]}]}','1630485746','0','1631527340','0')
;
/* END 业务对象数据表数据，不需要可删除 */



